- n)).
41
Let m = -3745 - -4539. What are the prime factors of m?
2, 397
Suppose 7*r + 5*r + 14556 = 0. Let d = r - -1794. List the prime factors of d.
7, 83
Suppose -60*f - 11429 = -156509. List the prime factors of f.
2, 3, 13, 31
Suppose -62*b - 91*b + 10042584 = 21*b. What are the prime factors of b?
2, 47, 307
Suppose -26037 = -24*f + 23664 + 17187. List the prime factors of f.
3, 929
Let c(v) = -v - 30. Let t = -41 - -40. Let b(u) = -u + 1. Let a(z) = t*c(z) - 4*b(z). What are the prime factors of a(12)?
2, 43
List the prime factors of 3981/(8/(-360)*-3).
3, 5, 1327
Suppose -15*d = 11387 - 125837. What are the prime factors of d?
2, 5, 7, 109
Let p = 2713 - 1031. Suppose i - 568 = -3*f, -15*f + 17*f + p = 3*i. List the prime factors of i.
2, 281
Let d(z) = -824*z - 574. What are the prime factors of d(-10)?
2, 3833
Let q be (-30 + -2)*(-12)/(-16)*-18. Let z = q - 191. What are the prime factors of z?
241
Let n(c) be the third derivative of c**4/3 - 2*c**3/3 - 2*c**2. Let y be n(-9). Let t = y - -285. List the prime factors of t.
11, 19
Suppose 6*u - 11*u = -15. Suppose 5*l + 19 = 2*b, 3*l + 3 + 3 = u*b. What are the prime factors of (b/(-6))/((-4)/(-824))?
103
Let p = -87 + 113. Let r(v) = -2*v + 67. Let f be r(p). List the prime factors of (-6)/15*f/12*-36.
2, 3
Let t be (-1)/(12/32)*42/(-8). Let a(p) = 2*p**3 - 26*p**2 + 30*p + 17. List the prime factors of a(t).
829
Let l = 57199 - 32908. List the prime factors of l.
3, 2699
Suppose 0 = -11*n + 4*o + 335990 + 177141, 0 = 2*n - 2*o - 93294. List the prime factors of n.
46649
Let m = -98 - -103. Suppose -m*z - 10 = -35. Suppose -478 = z*x - 7*x. What are the prime factors of x?
239
Suppose o - 1316 - 4287 = -4*w, -2*o + 4*w + 11254 = 0. List the prime factors of o.
3, 1873
Suppose 13 - 13 = -12*o. Suppose 9*n + 656 - 10898 = o. List the prime factors of n.
2, 569
Suppose 5*o - 15 = -5*w - 0*o, -9 = -2*w + o. What are the prime factors of (-625 + 0)*w/(-8)*2?
5
Suppose -211 = 5*y + 2*u - 3*u, y + 5*u + 37 = 0. Let z = -37 - y. Suppose 11*j = z*j + 1470. List the prime factors of j.
5, 7
Let u(k) = 5*k**3 - 9*k**2 - 5*k + 44. Suppose -7*x + 30 = -12. List the prime factors of u(x).
2, 5, 7, 11
Suppose -6*u = -113*u + 946308. List the prime factors of u.
2, 3, 11, 67
Suppose 0 = -17*z + 12*z - 3*o + 123, -119 = -5*z - 4*o. Suppose -4*w = -2*u + z + 1063, -5*u - w = -2703. What are the prime factors of u?
541
Let p(q) = q**3 - q**2 - 5*q + 6. Let z be p(-6). Let s = z + 734. What are the prime factors of s?
2, 7, 37
Let p = 27789 - 17406. List the prime factors of p.
3, 3461
Suppose a - 3*v - 55721 = 0, 5*a - 5*v - 56074 = 222551. What are the prime factors of a?
7, 19, 419
Let o = 64992 - 40499. What are the prime factors of o?
7, 3499
Suppose 0 = -5*z + 54 + 216. Let b = 318 - z. List the prime factors of b.
2, 3, 11
Let x = -708 - -710. Suppose 22*f + o = 20*f + 2389, -5*o - 2419 = -x*f. What are the prime factors of f?
3, 7, 19
Suppose 0 = 49*o - 391594 + 24927. List the prime factors of o.
7, 1069
Let y(a) be the third derivative of -a**6/120 - 7*a**5/60 - 2*a**3/3 - 18*a**2. Let z be y(-7). List the prime factors of z/5 + (416/(-10))/(-2).
2, 5
Let l(k) = 90*k**2 - 740. List the prime factors of l(26).
2, 5, 601
List the prime factors of 77206 - 2/(2 - 70/40).
2, 11, 29
Let z(m) = -m**2 - 28*m + 17. Let t be z(-25). Suppose -97*w + 4340 = -t*w. What are the prime factors of w?
2, 7, 31
Suppose 2*v + 11374 = 5*f, v - 11383 = -5*f - 0*v. List the prime factors of f.
2, 569
Suppose -4*b - x + 489 = 0, 0*b - 5*x = 3*b - 354. Suppose 5*y + b = 733. List the prime factors of y.
2, 61
Suppose 0 = 17*u - 71908 - 467366. List the prime factors of u.
2, 3, 17, 311
Suppose 4*a - 10 = 2*v, -3*a = 3*v + 5 - 17. Suppose a*o = -766 + 1966. List the prime factors of o.
2, 5
What are the prime factors of (189504/(-210))/((-4)/10)?
2, 3, 47
Let n(l) = l**2 + 9*l**3 - 3*l**3 + 2 + l**3 - 6*l**3 - 4*l. Let q be n(0). List the prime factors of (-17)/q*3*-2.
3, 17
Suppose 3*j + 3*g = 66, 5*g - g = -3*j + 66. Suppose -34*p + 209*p = 3150. Suppose 512 = -p*c + j*c. What are the prime factors of c?
2
Suppose -p - 171 = -51. Suppose -239 = 5*b - 4*q, -b - 2*q - 37 = 22. Let m = b - p. List the prime factors of m.
3, 23
What are the prime factors of ((-540)/(-1215))/(2/159102)?
2, 8839
Let k(l) = -313*l - 1132. List the prime factors of k(-23).
6067
Let m(s) = -s**3 + 2*s**2 - 13*s - 1. Let u be m(5). What are the prime factors of (-2)/(2/u)*11/11?
3, 47
Let v = 392 + -270. Suppose 0 = 63*n - 3168 + 585. Suppose 5*x - 385 = b, -x + v = -b + n. What are the prime factors of x?
2, 19
Let q = 263 + -388. Let a be (-2)/(-4)*4 - q. Let o = -73 + a. List the prime factors of o.
2, 3
Let t(g) = 5*g - 525. Let n be t(0). Let u = -6 - n. Suppose -q - u = -5*q - 5*b, -q = 2*b - 126. List the prime factors of q.
2, 17
Let m(a) be the first derivative of -9*a**2/2 + 13*a + 28. What are the prime factors of m(-8)?
5, 17
Let k(a) = a**3 - 67*a**2 + 47*a - 303. What are the prime factors of k(67)?
2, 1423
Let n(m) = 2*m**2 + 2*m - 161. What are the prime factors of n(30)?
1699
Suppose 11*y + 30 = 17*y. List the prime factors of 524 - (4 - (4 - 15/y)).
521
What are the prime factors of (7498/(-3))/(((-473)/774)/11)?
2, 3, 23, 163
Let x(y) = 8*y**3 + 2*y**2 - 3*y + 18. Let b be x(-5). What are the prime factors of (b + 4 + -9)/(-1 + -1)?
461
Suppose -2*k + l = -4886, 8*k - 2443 = 7*k + 2*l. What are the prime factors of k?
7, 349
Let s(d) = -321*d - 19. Let m be s(-7). Let o = m + -1301. What are the prime factors of o?
3, 103
Suppose 4*g = 417 + 903. Let s be g/105 - 1/7. Suppose 0 = s*t - 2*h - 99, -5*t + 76 + 108 = 3*h. List the prime factors of t.
5, 7
Suppose 2*p - i - 27805 = 0, -4*p - 31442 = -i - 87047. What are the prime factors of p?
2, 5, 139
Let q(u) = -u**3 - u**2 - 8*u + 552. Let c be (1 - 0) + 2/(-2). List the prime factors of q(c).
2, 3, 23
Let g(k) be the first derivative of k**4/4 - 11*k**3/3 - 5*k**2/2 + 11*k - 44. List the prime factors of g(13).
2, 71
Suppose 6 + 42 = -q + 5*y, 240 = -5*q - 3*y. Let n = 243 - q. What are the prime factors of n?
3, 97
Let j(d) = 12*d**2 - 26*d - 119. Let b be j(-4). Let y = 296 + b. What are the prime factors of y?
11, 43
Let x(f) = f**3 + 14*f**2 + 12*f + 6. Suppose 0 = 4*w + 5*v + 81, -2*v - 4 = -w - 8. Let u be x(w). Let z = -107 - u. List the prime factors of z.
5, 11
Let y be (3/12)/(-4*2/2848). Suppose 0 = 2*x - 93 - 121. Let p = y + x. List the prime factors of p.
2, 3
Let j(s) = 20*s + 14. Let w = -102 + 114. Suppose w*m = 15*m - 21. List the prime factors of j(m).
2, 7, 11
Suppose -8635 = 206*d - 429 - 67122. What are the prime factors of d?
2, 11, 13
Let b(w) = 188*w**3 + 38*w - 376. List the prime factors of b(7).
2, 3, 10729
Let q(j) = 20*j**3 + 3*j**2 - 22*j - 56. List the prime factors of q(5).
3, 11, 73
What are the prime factors of 2350 + -16 - (-11 + 8)?
3, 19, 41
Let w(o) = 16142*o + 364. What are the prime factors of w(1)?
2, 3, 7, 131
Let a = 8640 + -5552. Let h be a*((-3)/(-4) - 0). Suppose 6*z = -6*z + h. What are the prime factors of z?
193
Suppose 0 = -5*b - 2 - 13. What are the prime factors of (b - 11/(-3)) + (-523)/(-3)?
5, 7
Suppose 0 = -4*v + 8, y = -2*v + 6*v - 653. Let o be 12/54 + 5*(-106)/(-45). What are the prime factors of (y/20)/((-3)/o) + 0?
3, 43
Suppose -4*i + 0*i + f = -64, -4*i = 4*f - 64. Suppose -o - 5 = -11. List the prime factors of (o/i*-6)/((-13)/260).
3, 5
Let g(u) = 153*u + 1. Let p be g(2). Let o be (7785/(-6))/(-15)*-2. Let j = p + o. What are the prime factors of j?
2, 67
Suppose 5*b - 5 = 0, i = -4*b + 6158 + 2632. List the prime factors of i.
2, 23, 191
Let n(l) = -l**2 + 14*l - 8. Let f be n(13). Suppose 2*v + 8 = 2*j, -3*j - 28 + f = 4*v. List the prime factors of ((3 + j)*-1)/((-1)/47).
2, 47
Suppose -3*w - 273254 = -78*g + 74*g, 16*w - 96 = 0. What are the prime factors of g?
2, 34159
Suppose 3*h - h - f + 3 = 0, 2*h - 5*f + 15 = 0. Suppose x = o - 703, h*o - 2*o + 4*x + 1416 = 0. What are the prime factors of o?
2, 349
Suppose -5*a + h - 2*h = -54, -a - 3*h + 8 = 0. Suppose -594 = -3*y - 5*b, -2*b - 5 = -a. What are the prime factors of y?
193
List the prime factors of (-447488)/(-448) + 6/(-7).
2, 499
Suppose -